alculate the highest common factor of 9282 and 14294.
14
Calculate the greatest common divisor of 6759 and 18954.
9
What is the highest common divisor of 7602 and 562398494?
2534
What is the highest common factor of 2320364 and 7004?
68
What is the greatest common divisor of 288 and 181267872?
96
What is the greatest common factor of 78416775 and 3375?
675
Calculate the highest common divisor of 19044 and 2591616.
12
What is the highest common factor of 1855242 and 45?
9
What is the greatest common divisor of 407279 and 351317?
3109
What is the highest common factor of 18 and 35959815?
9
What is the greatest common divisor of 2925 and 25236300?
75
What is the greatest common divisor of 1782 and 734481?
297
What is the highest common factor of 1035 and 9808005?
345
What is the greatest common divisor of 1068 and 16118523?
267
What is the highest common divisor of 1600308440 and 760?
760
What is the highest common factor of 203658 and 137074?
14
What is the highest common divisor of 13168950 and 4950?
150
Calculate the highest common divisor of 35706 and 379434.
66
Calculate the highest common divisor of 49208456 and 267.
89
Calculate the greatest common divisor of 76 and 66695054.
38
Calculate the greatest common factor of 1595204 and 17992.
52
What is the greatest common factor of 2345882 and 168?
14
What is the greatest common divisor of 3731 and 52790985?
533
Calculate the highest common factor of 394456230 and 438.
438
Calculate the greatest common divisor of 240 and 50087184.
48
Calculate the highest common divisor of 99584992 and 416.
416
What is the greatest common divisor of 1874 and 41511911?
937
What is the highest common divisor of 2972332 and 546788?
1892
What is the highest common divisor of 11156354 and 32?
2
What is the greatest common factor of 21 and 30597154?
7
What is the highest common divisor of 776030384 and 16?
16
Calculate the highest common factor of 58397 and 429433.
23
Calculate the highest common factor of 324 and 459515268.
324
Calculate the greatest common divisor of 1175515 and 275.
55
Calculate the greatest common divisor of 44135 and 364.
91
Calculate the greatest common factor of 151552 and 101528.
296
Calculate the highest common factor of 3289515750 and 8375.
8375
Calculate the greatest common divisor of 48211098 and 78.
78
What is the greatest common divisor of 362284334 and 302?
302
Calculate the greatest common factor of 615350 and 199950.
1550
Calculate the greatest common factor of 400624 and 9868432.
8176
What is the greatest common factor of 901341 and 1539?
513
Calculate the highest common divisor of 319923 and 78975.
27
Calculate the greatest common factor of 2415 and 293965.
35
What is the highest common factor of 1225944 and 3?
3
Calculate the highest common divisor of 602 and 62864022.
86
Calculate the highest common divisor of 31 and 829974811.
31
What is the highest common divisor of 20 and 1033492?
4
What is the highest common divisor of 162 and 99548178?
6
Calculate the greatest common factor of 1100170 and 10.
10
Calculate the greatest common factor of 5045468 and 220424.
1868
What is the greatest common factor of 39929508 and 47?
47
Calculate the greatest common factor of 29798587 and 1183.
1183
What is the highest common factor of 925 and 8413060?
185
What is the greatest common divisor of 199766990 and 110?
10
What is the highest common factor of 51726 and 3524694?
222
What is the highest common factor of 5077600 and 2528?
32
What is the greatest common factor of 56 and 51419242?
14
Calculate the highest common factor of 648257935 and 26.
13
What is the greatest common divisor of 4710690 and 14818?
478
What is the greatest common divisor of 498 and 2337802485?
249
What is the greatest common divisor of 518 and 8552110?
14
What is the highest common divisor of 222923380 and 340?
340
Calculate the greatest common divisor of 24 and 62437752.
24
Calculate the greatest common factor of 2364 and 330555756.
2364
What is the greatest common factor of 248776 and 473?
11
What is the highest common divisor of 149733 and 4217283?
1179
What is the greatest common divisor of 830 and 2912387?
83
Calculate the greatest common factor of 104 and 4022629.
13
What is the greatest common divisor of 63 and 3695292?
9
Calculate the highest common factor of 83281 and 5537.
113
Calculate the highest common divisor of 97 and 252873762.
97
What is the greatest common factor of 1661 and 28105781?
1661
Calculate the highest common factor of 14858 and 88787.
19
Calculate the highest common divisor of 18791 and 875007.
817
What is the greatest common divisor of 3438 and 130243473?
1719
What is the highest common divisor of 1589 and 142723?
7
Calculate the highest common factor of 2402256 and 7184.
16
What is the highest common divisor of 7957 and 24322369?
109
What is the greatest common factor of 798 and 13885998?
798
Calculate the greatest common divisor of 335616 and 553242.
2622
What is the greatest common divisor of 258 and 942503928?
258
Calculate the greatest common factor of 4855040740 and 220.
220
What is the greatest common factor of 28522348 and 107?
107
Calculate the highest common divisor of 9256 and 826454.
178
Calculate the greatest common divisor of 77868 and 284589.
927
What is the highest common factor of 1118471 and 4066?
107
What is the greatest common divisor of 233583 and 40425?
147
What is the highest common divisor of 180 and 2577204?
36
Calculate the greatest common factor of 2813941 and 3728.
233
Calculate the highest common factor of 579 and 59324533.
193
What is the greatest common divisor of 4654 and 107978?
26
What is the greatest common factor of 22258253 and 294139?
2603
Calculate the greatest common divisor of 1988 and 7972661.
71
What is the greatest common divisor of 1651592510 and 1542?
514
Calculate the greatest common factor of 4373359 and 29906.
787
What is the highest common divisor of 1395190 and 695710?
290
What is the highest common divisor of 15528823 and 2471?
353
Calculate the highest common divisor of 755263824 and 120.
24
What is the highest common factor of 3362680 and 60?
20
Calculate the highest common factor of 142763432 and 1736.
1736
Calculate the greatest common divisor of 465853 and 519977.
1933
Calculate the greatest common factor of 93717738 and 18.
18
What is the highest common factor of 30 and 26306142?
6
What is the highest common divisor of 102515 and 15635305?
3535
Calculate the greatest common factor of 232 and 1897288.
8
Calculate the highest common factor of 18307959 and 33.
3
What is the highest common factor of 1660 and 15325950?
830
Calculate the highest common divisor of 79781620 and 185.
185
What is the greatest common divisor of 3682440 and 3?
3
Calculate the highest common factor of 2018 and 2641696197.
1009
What is the highest common divisor of 7902 and 612333882?
7902
Calculate the highest common divisor of 480232 and 1984.
8
Calculate the highest common divisor of 12 and 4344726.
6
Calculate the highest common divisor of 79 and 5774205985.
79
What is the greatest common divisor of 17545 and 5965?
5
Calculate the highest common factor of 4410 and 842220.
90
Calculate the highest common divisor of 18292674 and 8304.
1038
What is the highest common divisor of 104 and 7932600?
104
Calculate the highest common divisor of 180408911 and 1673.
239
What is the greatest common factor of 1650256 and 544?
16
What is the highest common factor of 781 and 40882633?
11
What is the greatest common factor of 38 and 37565698?
38
Calculate the greatest common factor of 432 and 4256199.
27
What is the highest common divisor of 441 and 3204117?
63
Calculate the greatest common divisor of 427 and 116702455.
61
What is the highest common factor of 666482567 and 67?
67
Calculate the greatest common divisor of 3434904 and 1298.
22
Calculate the highest common divisor of 13 and 7563517.
13
What is the greatest common divisor of 9075 and 57675?
75
Calculate the highest common factor of 582428 and 793166.
682
Calculate the highest common factor of 1283037 and 55961.
107
What is the highest common divisor of 5371600 and 8775?
325
What is the greatest common divisor of 27 and 4369262526?
27
Calculate the highest common factor of 94 and 29411519.
47
Calculate the highest 